 Determine z(11).
17
Let r(t) = -t**3 + 13*t**2 - 48*t + 27. What is r(6)?
-9
Let f(w) = 695*w + 4. Determine f(0).
4
Let a(i) = 3*i**2 - 20*i - 24. What is a(11)?
119
Let g(z) = -237*z + 4986. Give g(21).
9
Let z(o) = o**3 - 22*o**2 - 304*o + 1919. Calculate z(30).
-1
Let p(a) = -2*a**2 + 32*a - 12. Determine p(16).
-12
Let p(s) = -3*s**2 + 2765*s + 11096. Give p(-4).
-12
Let z(l) = -36*l - 1605. Determine z(-44).
-21
Let s(b) = -b**2 - 27*b + 29. What is s(-28)?
1
Let d(w) = w**3 - 54*w**2 + 249*w - 115. Calculate d(49).
81
Let f(z) = -z**3 + 16*z**2 - 42*z - 3. What is f(3)?
-12
Let r(j) = -4*j**2 + 305*j + 1211. What is r(-4)?
-73
Let v(q) = -q**3 + 42*q**2 - 116*q - 7. Determine v(39).
32
Let b(q) = -q**3 + 12*q**2 + 67*q - 57. What is b(16)?
-9
Let o(z) = -z**2 + 853*z + 5903. Give o(-7).
-117
Let c(q) = -q + 1. Give c(8).
-7
Let z(w) = 2*w**3 + 17*w**2 - 53*w - 89. Determine z(-10).
141
Let p(a) = -516*a - 3024. What is p(-6)?
72
Let f(a) = -2*a**2 + 690*a + 1. Give f(0).
1
Let t(n) = -4968*n - 19867. Calculate t(-4).
5
Let x(z) = -296*z - 21901. Determine x(-74).
3
Let v(i) = -3*i**2 + 18*i + 48. Determine v(8).
0
Let j(p) = -p**2 + 4236*p + 46713. Give j(-11).
-4
Let y(j) = 270*j**2 - 67*j + 66. Give y(1).
269
Let t(g) = -16*g**2 + 59*g + 9. Determine t(4).
-11
Let i(l) = 5*l**3 - 4*l**2 + 6*l - 8. Give i(4).
272
Let o(q) = -q**3 + 16*q**2 - 10*q + 3. Calculate o(8).
435
Let p(i) = 67*i + 1120. Determine p(-17).
-19
Let g(q) = -4*q**3 + 3*q**2 + 80*q - 422. Give g(5).
-447
Let b(x) = -3*x**3 + 68*x**2 + 28*x + 43. Give b(23).
158
Let c(q) = -2*q**2 + 157*q - 1428. Give c(10).
-58
Let q(j) = j**3 - 63*j**2 + 24*j + 2355. Calculate q(62).
-1
Let u(i) = -6*i**3 + 13*i**2 + 30*i. Give u(-2).
40
Let v(i) = -i**2 + 98*i + 542. What is v(-5)?
27
Let l(m) = 172*m**3 - 5*m**2 + 41*m + 45. Calculate l(-1).
-173
Let x(o) = -o**3 - 5*o**2 + 11*o - 6. What is x(6)?
-336
Let w(r) = 34*r**2 - 14*r - 49. Calculate w(-3).
299
Let w(u) = 3*u**3 - 2*u + 12. Calculate w(-3).
-63
Let i(o) = 261*o - 524. Give i(2).
-2
Let d(a) = -a**3 + 4*a**2 + 360*a - 51. Give d(21).
12
Let a(g) = g**3 - 26*g**2 + 30*g - 9. Determine a(25).
116
Let f(l) = -l**3 + 2*l**2 + 33*l + 109. What is f(8)?
-11
Let s(f) = f**2 - 69*f - 284. Give s(-4).
8
Let n(s) = 3*s**3 - 99*s**2 - 7*s - 10. Give n(33).
-241
Let h(i) = -22*i - 220. Determine h(-15).
110
Let l(w) = 59*w + 2740. Determine l(-47).
-33
Let f(k) = 1115*k - 26762. What is f(24)?
-2
Let n(i) = 285*i - 1467. Calculate n(5).
-42
Let z(l) = l**3 + 49*l**2 + 7*l + 357. Calculate z(-49).
14
Let x(q) = 337*q - 3033. Give x(9).
0
Let z(l) = 2*l**3 + 16*l**2 - 9*l - 18. Calculate z(-6).
180
Let v(x) = 2*x**2 + 48*x + 123. Determine v(-21).
-3
Let c(u) = u + 52. Calculate c(-59).
-7
Let g(d) = d**2 + 45*d - 1359. Calculate g(21).
27
Let r(g) = 18*g + 222. Determine r(-10).
42
Let s(d) = 16*d - 543. What is s(49)?
241
Let m(b) = 36*b**2 + 1950*b + 329. Calculate m(-54).
5
Let m(k) = -5*k**2 - 155*k + 170. Determine m(-32).
10
Let g(y) = 234*y - 2784. Calculate g(12).
24
Let w(c) = 6*c - 316. Determine w(40).
-76
Let j(x) = -x**3 + 8*x**2 - 21*x + 31. Calculate j(8).
-137
Let r(x) = 132*x - 2246. Calculate r(18).
130
Let r(q) = -271*q - 5728. Determine r(-21).
-37
Let r(x) = 3*x + 242. Determine r(-59).
65
Let k(p) = -p**3 + 4*p**2 + 9*p - 23. Determine k(3).
13
Let l(k) = -999*k - 27972. Give l(-28).
0
Let s(b) = b**2 + 11*b - 26. Give s(-21).
184
Let n(k) = -28*k + 45. What is n(3)?
-39
Let p(g) = 2*g**3 - 5*g - 498. Calculate p(0).
-498
Let f(r) = r**3 - 35*r**2 + 140*r + 347. Calculate f(30).
47
Let i(j) = -j**2 - 13*j - 6. Give i(-6).
36
Let t(h) = -3*h**2 + 57*h + 337. Calculate t(-5).
-23
Let u(b) = 2*b**3 + 246*b**2 - 7. What is u(-123)?
-7
Let g(d) = -d**3 + 7*d**2 + 25*d - 42. What is g(9)?
21
Let m(d) = -d**2 - 29*d - 322. Calculate m(-11).
-124
Let r(f) = -f**3 + 4*f**2 - 26*f + 155. Give r(5).
0
Let p(f) = -23*f - 46. What is p(-9)?
161
Let x(m) = -39*m + 2053. What is x(53)?
-14
Let z(r) = -r**3 - 9*r**2 - 232*r - 848. Give z(-4).
0
Let u(o) = o**3 + 24*o**2 - 23*o + 10. Give u(-25).
-40
Let l(i) = i**2 - 2*i + 19. Determine l(-11).
162
Let o(h) = h**3 + 4*h**2 - 16*h + 42. Give o(-8).
-86
Let z(i) = i**3 + 209*i**2 - 1503*i + 1950. Determine z(-216).
6
Let d(y) = 70*y - 682. Give d(8).
-122
Let s(m) = -85*m + 5684. What is s(67)?
-11
Let n(r) = r**3 - 9*r**2 - 35*r + 349. Determine n(7).
6
Let i(b) = -4*b**3 + 5*b**2 - 6*b + 2. Determine i(3).
-79
Let p(n) = -11*n**2 - 50*n - 51. What is p(-1)?
-12
Let o(n) = 361*n - 2514. What is o(7)?
13
Let k(y) = -5*y + 5. Determine k(15).
-70
Let a(o) = -1050*o - 95543. Give a(-91).
7
Let j(o) = -o**3 - 273*o**2 + 588*o + 10446. Determine j(-275).
-4
Let j(t) = 6*t**2 + 148*t - 43. What is j(-25)?
7
Let j(f) = 4*f**2 + 189*f - 81. Calculate j(-45).
-486
Let l(g) = -g**3 - 2*g**2 - 2*g + 41. Give l(5).
-144
Let h(n) = n**2 + 6*n - 23. Determine h(-12).
49
Let g(z) = -3*z**3 - 12*z**2 + 2*z + 11. Calculate g(-3).
-22
Let b(t) = -13*t**3 - 9*t**2 - 10*t - 9. Determine b(-1).
5
Let q(m) = m**3 - 27*m**2 - 58*m + 97. Give q(29).
97
Let y(b) = -b**2 - 32*b - 348. Calculate y(-18).
-96
Let q(s) = s**3 + 2*s**2 + 56*s + 584. Determine q(-7).
-53
Let x(j) = 3*j**2 - 52*j + 42. Determine x(15).
-63
Let a(x) = -157*x - 10364. What is a(-66)?
-2
Let i(j) = j**3 + 76*j**2 + 16*j + 1345. Give i(-76).
129
Let o(x) = -x**3 + 58*x**2 - 7*x + 502. Give o(58).
96
Let i(q) = 2*q**2 + 28*q + 99. Calculate i(-10).
19
Let a(d) = -3572*d - 17865. What is a(-5)?
-5
Let s(f) = 3*f**3 - 161*f**2 - 212*f - 443. What is s(55)?
-3
Let k(b) = 2794*b - 318514. Give k(114).
2
Let m(n) = -n**3 + 25*n**2 + 117*n - 65. Give m(29).
-36
Let w(n) = 95*n + 4476. Calculate w(-47).
11
Let u(p) = 3*p**2 + 9*p - 44. What is u(8)?
220
Let u(d) = -d**3 - 8*d**2 + 28*d + 114. Determine u(-10).
34
Let y(f) = -10*f**2 - 124*f + 2565. Determine y(11).
-9
Let c(d) = -d**3 - 25*d**2 + 64*d - 140. What is c(-27)?
-410
Let z(a) = -7*a + 398. Give z(0).
398
Let x(f) = 696*f + 22224. Determine x(-32).
-48
Let a(y) = -160*y - 12879. Calculate a(-81).
81
Let n(j) = -2*j**3 + 15*j**2 + 30*j + 118. What is n(10)?
-82
Let i(z) = -2*z**2 + 45*z + 334. Calculate i(-6).
-8
Let x(l) = 285*l**3 + 2*l**2. What is x(1)?
287
Let s(y) = -46*y - 1391. Calculate s(-31).
35
Let b(q) = q**2 - 58*q - 532. What is b(66)?
-4
Let o(y) = 23*y**2 + 83*y + 4. Give o(-5).
164
Let m(d) = 9*d**3 - 9*d**2 + 4*d - 8. Determine m(2).
36
Let s(i) = 7*i**3 - i**2 - 47*i + 48. Determine s(1).
7
Let t(n) = 3*n**3 + 247*n**2 + 65*n - 1380. Determine t(-82).
14
Let o(f) = 11*f**2 - 132*f + 367. Calculate o(7).
-18
Let v(u) = -2789*u + 27893. Calculate v(10).
3
Let r(w) = 31*w - 371. Calculate r(17).
156
Let n(i) = -i**3 + 14*i**2 + 38*i + 14. What is n(16)?
110
Let f(a) = -27*a**2 + 134*a + 34. What is f(5)?
29
Let m(g) = 287*g + 947. Determine m(-3).
86
Let f(k) = 184*k - 20950. Give f(114).
26
Let r(z) = -40*z + 279. Give r(7).
-1
Let g(q) = q**2 + 254*q + 3373. Determine g(-14).
13
Let u(h) = 8*h**2 - 21*h - 84. Calculate u(-7).
455
Let t(b) = b + 10. Give t(16).
26
Let s(j) = -305*j - 1252. What is s(-4)?
-32
Let y(j) = 1095*j + 7673. What is y(-7)?
8
Let u(v) = -150*v - 15450. Calculate u(-103).
0
Let h(k) = k**2 + 63*k - 4250. Calculate h(41).
14
Let o(k) = -k**2 - 42*k - 126. What is o(-39)?
-9
Let h(r) = 4*r**2 + 413*r + 840. What is h(-2)?
30
Let f(z) = 104*z - 1415. Calculate f(8).
-583
Let i(h) = 38*h**2 - 649*h + 37. What is i(17)?
-14
Let o(z) = z**3 - 5*z**2 + 72*z - 273. What is o(4)?
-1
Let v(q) = q**3 + 13*q**2 + 83*q + 24. Give v(-9).
-399
Let a(k) = k**3 - 10*k**2 + 6*k - 22. What is a(8)?
-102
Let o(a) = -127*a - 4541. Give o(-37).
158
Let h(m) = 2*m**3 + 8*m**2 + 16*m + 40. Calculate h(-5).
-90
Let m(q) = q**3 + 46*q**2 - 7*q - 108. What is m(-46)?
214
Let d(g) = -g**3 - 34*g**2 - 207*g + 38. What is d(-8)?
30
Let c(t) = t**3 + 7*t**2 + 3*t + 6. Give c(0).
6
Let y(m) = -109*m + 123. Give y(1).
14
Let m(w) = -7*w**2 - 161*w - 707. Calculate m(-6).
7
Let t(m) = -3*m**2 + 17*m - 4. What is t(9)?
-94
Let f(t) = 23*t**2 - 16*t - 50. What is f(-3)?
205
Let m(d) = -3*d**2 + 25*d + 904. Give m(22).
2
Let q(x) = -5*x**2 - 169*x - 815. Determine q(-5).